{"id":120,"date":"2021-09-28T18:53:18","date_gmt":"2021-09-28T16:53:18","guid":{"rendered":"https:\/\/conseilcitoyen-koenigshoffen-est.fr\/?page_id=120"},"modified":"2022-06-06T20:53:00","modified_gmt":"2022-06-06T18:53:00","slug":"charte-du-conseil-citoyen","status":"publish","type":"page","link":"https:\/\/conseilcitoyen-koenigshoffen-est.fr\/?page_id=120","title":{"rendered":"Charte du Conseil Citoyen"},"content":{"rendered":"\n<p>Le fonctionnement du Conseil Citoyen de Koenigshoffen-Est est explicit\u00e9 dans <a href=\"http:\/\/conseilcitoyen-koenigshoffen-est.fr\/wp-content\/uploads\/2022\/01\/Charte-Conseil-Citoyen.pdf\">notre charte<\/a>. Ce document reprend les objectifs et missions du CCKE, pr\u00e9cise son organisation.<br>Il est important de rappeler que les Conseils Citoyens sont issus de la Loi de programmation pour la ville et la coh\u00e9sion urbaine du 21 f\u00e9vrier 2014.<br><strong>La raison d\u2019\u00eatre du CCKE est de prendre part \u00e0 l&rsquo;\u00e9laboration, \u00e0 la mise en \u0153uvre et \u00e0 l&rsquo;\u00e9valuation du Contrat de ville de l\u2019Eurom\u00e9tropole de Strasbourg.<\/strong><\/p>\n","protected":false},"excerpt":{"rendered":"<p>Le fonctionnement du Conseil Citoyen de Koenigshoffen-Est est explicit\u00e9 dans notre charte. Ce document reprend les objectifs et missions du CCKE, pr\u00e9cise son organisation.Il est important de rappeler que les Conseils Citoyens sont issus de la Loi de programmation pour la ville et la coh\u00e9sion urbaine du 21 f\u00e9vrier 2014.La raison d\u2019\u00eatre du CCKE est [&hellip;]<\/p>\n","protected":false},"author":2,"featured_media":0,"parent":0,"menu_order":0,"comment_status":"closed","ping_status":"closed","template":"","meta":[],"_links":{"self":[{"href":"https:\/\/conseilcitoyen-koenigshoffen-est.fr\/index.php?rest_route=\/wp\/v2\/pages\/120"}],"collection":[{"href":"https:\/\/conseilcitoyen-koenigshoffen-est.fr\/index.php?rest_route=\/wp\/v2\/pages"}],"about":[{"href":"https:\/\/conseilcitoyen-koenigshoffen-est.fr\/index.php?rest_route=\/wp\/v2\/types\/page"}],"author":[{"embeddable":true,"href":"https:\/\/conseilcitoyen-koenigshoffen-est.fr\/index.php?rest_route=\/wp\/v2\/users\/2"}],"replies":[{"embeddable":true,"href":"https:\/\/conseilcitoyen-koenigshoffen-est.fr\/index.php?rest_route=%2Fwp%2Fv2%2Fcomments&post=120"}],"version-history":[{"count":4,"href":"https:\/\/conseilcitoyen-koenigshoffen-est.fr\/index.php?rest_route=\/wp\/v2\/pages\/120\/revisions"}],"predecessor-version":[{"id":164,"href":"https:\/\/conseilcitoyen-koenigshoffen-est.fr\/index.php?rest_route=\/wp\/v2\/pages\/120\/revisions\/164"}],"wp:attachment":[{"href":"https:\/\/conseilcitoyen-koenigshoffen-est.fr\/index.php?rest_route=%2Fwp%2Fv2%2Fmedia&parent=120"}],"curies":[{"name":"wp","href":"https:\/\/api.w.org\/{rel}","templated":true}]}}